14) in base 3?
-11012
What is -30 (base 6) in base 5?
-33
Convert 0 (base 13) to base 9.
0
Convert -13 (base 11) to base 8.
-16
What is 21 (base 10) in base 9?
23
Convert 1d0 (base 15) to base 5.
3140
3 (base 4) to base 6
3
What is 15 (base 9) in base 13?
11
What is 53 (base 16) in base 12?
6b
Convert -51 (base 6) to base 10.
-31
Convert 14 (base 15) to base 3.
201
12 (base 6) to base 11
8
What is 2a (base 12) in base 2?
100010
What is 1 (base 7) in base 6?
1
-112 (base 6) to base 9
-48
Convert -5 (base 13) to base 8.
-5
-6 (base 13) to base 16
-6
1 (base 14) to base 10
1
14 (base 12) to base 8
20
0 (base 8) to base 3
0
-132 (base 7) to base 13
-57
Convert -e (base 16) to base 9.
-15
What is 10212 (base 4) in base 12?
206
What is -100 (base 6) in base 5?
-121
11 (base 5) to base 11
6
Convert 6c (base 14) to base 5.
341
What is 15 (base 9) in base 2?
1110
Convert 10 (base 6) to base 7.
6
Convert 3 (base 9) to base 6.
3
What is 12 (base 8) in base 4?
22
What is -5 (base 10) in base 7?
-5
b3 (base 12) to base 7
252
What is 346 (base 8) in base 14?
126
Convert -41 (base 9) to base 6.
-101
What is -1012 (base 6) in base 4?
-3200
Convert 5 (base 9) to base 6.
5
Convert -60 (base 12) to base 15.
-4c
What is b8 (base 16) in base 12?
134
0 (base 8) to base 5
0
Convert 0 (base 3) to base 4.
0
3 (base 9) to base 4
3
Convert 12201 (base 3) to base 2.
10011010
What is -3 (base 4) in base 14?
-3
Convert -1 (base 11) to base 10.
-1
6 (base 7) to base 11
6
Convert a (base 15) to base 8.
12
Convert 36 (base 10) to base 14.
28
Convert 16 (base 10) to base 14.
12
2 (base 6) to base 10
2
Convert 1 (base 3) to base 16.
1
Convert 27 (base 16) to base 9.
43
-10 (base 16) to base 13
-13
65 (base 12) to base 15
52
Convert -2 (base 6) to base 9.
-2
Convert 33 (base 8) to base 5.
102
What is 48 (base 13) in base 8?
74
-2a8 (base 12) to base 15
-1cb
What is -11 (base 4) in base 7?
-5
-7 (base 10) to base 13
-7
What is -40 (base 5) in base 15?
-15
-7 (base 8) to base 4
-13
Convert -233 (base 5) to base 13.
-53
Convert -101010111 (base 2) to base 7.
-1000
-107 (base 9) to base 11
-80
What is 8 (base 9) in base 2?
1000
213 (base 4) to base 16
27
-1 (base 11) to base 8
-1
Convert 81 (base 11) to base 15.
5e
Convert -30 (base 8) to base 12.
-20
-112 (base 9) to base 4
-1130
What is 1242 (base 6) in base 14?
186
Convert -1 (base 9) to base 10.
-1
What is -213 (base 8) in base 14?
-9d
-6 (base 14) to base 11
-6
11 (base 2) to base 5
3
212 (base 4) to base 12
32
Convert 3 (base 6) to base 13.
3
4 (base 16) to base 15
4
What is 5 (base 11) in base 10?
5
Convert -12100 (base 3) to base 9.
-170
Convert 32 (base 9) to base 6.
45
-1 (base 9) to base 16
-1
Convert 136 (base 11) to base 5.
1120
What is 2 (base 14) in base 16?
2
Convert -1011 (base 2) to base 7.
-14
-35 (base 11) to base 16
-26
Convert 14 (base 5) to base 2.
1001
Convert 1b (base 12) to base 10.
23
Convert 2 (base 8) to base 7.
2
-10 (base 6) to base 8
-6
What is -32 (base 4) in base 10?
-14
What is 2 (base 4) in base 7?
2
-4 (base 5) to base 6
-4
-252 (base 8) to base 4
-2222
Convert 150 (base 7) to base 16.
54
What is -1120 (base 3) in base 7?
-60
7 (base 15) to base 6
11
Convert 8 (base 16) to base 3.
22
Convert -2002 (base 3) to base 5.
-211
What is -3 (base 5) in base 9?
-3
Convert 133 (base 8) to base 3.
10101
What is 10 (base 15) in base 2?
1111
Convert -111 (base 7) to base 15.
-3c
What is -14 (base 14) in base 4?
-102
Convert 25 (base 9) to base 10.
23
2 (base 15) to base 4
2
1010 (base 2) to base 5
20
What is -60 (base 14) in base 4?
-1110
Convert -60 (base 11) to base 10.
-66
What is -3 (base 13) in base 11?
-3
Convert 7 (base 10) to base 7.
10
Convert 1 (base 3) to base 7.
1
What is 0 (base 12) in base 15?
0
What is 1 (base 7) in base 11?
1
What is -5 (base 6) in base 11?
-5
Convert -b9 (base 14) to base 3.
-20001
-2 (base 3) to base 9
-2
Convert -12 (base 7) to base 15.
-9
2b (base 15) to base 14
2d
-212 (base 7) to base 12
-8b
2 (base 6) to base 9
2
What is 63 (base 15) in base 10?
93
Convert -3301 (base 4) to base 12.
-181
2 (base 3) to base 11
2
What is 230 (base 7) in base 6?
315
What is -100 (base 2) in base 15?
-4
What is -47 (base 10) in base 14?
-35
Convert 2 (base 8) to base 16.
2
What is -1 (base 5) in base 15?
-1
What is 0 (base 7) in base 2?
0
Convert 10 (base 2) to base 13.
2
-256 (base 9) to base 8
-325
What is -40 (base 5) in base 11?
-19
Convert -2122 (base 4) to base 5.
-1104
Convert -20 (base 3) to base 9.
-6
Convert -10 (base 7) to base 12.
-7
What is 23 (base 12) in base 16?
1b
Convert 6 (base 14) to base 13.
6
Convert -6 (base 8) to base 12.
-6
Convert 1 (base 16) to base 4.
1
3 (base 10) to base 15
3
What is -5 (base 6) in base 7?
-5
1110000 (base 2) to base 8
160
1330 (base 5) to base 16
d7
2 (base 3) to base 5
2
Convert 72 (base 8) to base 3.
2011
16 (base 15) to base 3
210
Convert 3 (base 7) to base 4.
3
-2 (base 16) to base 8
-2
What is -25 (base 6) in base 2?
-10001
What is -53 (base 8) in base 15?
-2d
2 (base 14) to base 12
2
Convert -2 (base 12) to base 5.
-2
What is -30 (base 5) in base 2?
-1111
39 (base 10) to base 9
43
Convert -1 (base 9) to base 12.
-1
Convert 104 (base 11) to base 3.
11122
What is -1 (base 4) in base 16?
-1
What is -17 (base 10) in base 2?
-10001
0 (base 11) to base 5
0
Convert 10 (base 5) to base 4.
11
What is 20 (base 3) in base 14?
6
-4 (base 11) to base 12
-4
Convert -4 (base 10) to base 16.
-4
What is -10011 (base 2) in base 16?
-13
160 (base 9) to base 10
135
What is 3 (base 5) in base 10?
3
Convert e3 (base 15) to base 4.
3111
Convert -14 (base 8) to base 3.
-110
-74 (base 15) to base 13
-85
What is 68 (base 9) in base 7?
116
What is b (base 15) in base 2?
1011
What is -1 (base 3) in base 14?
-1
Convert -38 (base 9) to base 16.
-23
13 (base 15) to base 16
12
Convert -3 (base 14) to base 13.
-3
-1 (base 11) to base 2
-1
What is 1 (base 12) in base 8?
1
-3 (base 13) to base 8
-3
-5 (base 11) to base 10
-5
What is 122 (base 10) in base 14?
8a
What is -4 (base 5) in base 8?
-4
What is 354 (base 7) in base 16?
ba
What is 10d (base 15) in base 9?
284
What is -157 (base 12) in base 6?
-551
Convert 22 (base 5) to base 11.
11
Convert -117 (base 8) to base 12.
-67
-3 (base 15) to base 7
-3
What is -210 (base 8) in base 11?
-114
-7 (base 14) to base 8
-7
What is 1101 (base 2) in base 10?
13
What is -2 (base 4) in base 13?
-2
Convert -202 (base 3) to base 4.
-110
Convert -141 (base 6) to base 9.
-67
Convert 1b (base 16) to base 7.
36
Convert 420 (base 5) to base 12.
92
Convert 1100 (base 7) to base 12.
288
Convert -61 (base 9) to base 16.
-37
Convert 9 (base 12) to base 10.
9
0 (base 12) to base 5
0
-400 (base 7) to base 13
-121
Convert -274 (base 9) to base 13.
-148
31 (base 7) to base 5
42
What is -35 (base 6) in base 4?
-113
-104 (base 5) to base 14
-21
What is -46 (base 12) in base 15?
-39
-1 (base 13) to base 12
-1
-10 (base 7) to base 5
-12
Convert -6 (base 9) to base 7.
-6
Convert 53 (base 12) to base 2.
111111
What is 1024 (base 5) in base 9?
164
Convert -10000 (base 2) to base 12.
-14
-4 (base 9) to base 2
-100
64 (base 7) to base 8
56
2 (base 4) to base 11
2
-11 (base 16) to base 3
-122
3 (base 5) to base 14
3
What is -d (base 15) in base 16?
-d
Convert 49 (base 14) to base 11.
5a
What is -20 (base 11) in base 9?
-24
2a (base 15) to base 12
34
What is 59 (base 12) in base 7?
126
Convert -5 (base 13) to base 7.
-5
Convert -3 (base 12) to base 7.
-3
10 (base 5) to base 3
12
What is 104 (base 5) in base 10?
29
-4 (base 12) to base 7
-4
-15 (base 6) to base 8
-13
11 (base 6) to base 11
7
Convert -9b (base 12) to base 5.
-434
Convert -256 (base 12) to base 10.
-354
110 (base 9) to base 3
10100
What is -4 (base 6) in base 11?
-4
5b (base 15) to base 16
56
Convert -50 (base 10) to base 14.
-38
Convert -13 (base 9) to base 8.
-14
Convert -29 (base 11) to base 6.
-51
What is 1 (base 11) in base 3?
1
What is 21 (base 3) in base 4?
13
-2 (base 3) to base 9
-2
Convert -1131 (base 4) to base 5.
-333
31 (base 16) to base 8
61
Convert -57 (base 14) to base 4.
-1031
2 (base 3) to base 9
2
What is -2 (base 10) in base 3?
-2
-15 (base 10) to base 8
-17
What is 65 (base 11) in base 10?
71
What is 1 (base 11) in base 9?
1
44 (base 14) to base 9
66
Convert -100 (base 